*f - 10 = -5*l + 2*l, -4*l + 4 = 2*f. Suppose l*r - 898 = 4*i, 2*r - r - 5*i - 446 = 0. List the prime factors of r.
11, 41
Suppose 0*i - 4*i = 0. Suppose h - 2*x - 291 = -i*x, 2*x = 4*h - 1134. List the prime factors of h.
281
Let m = -37662 + 65644. What are the prime factors of m?
2, 17, 823
Let v = 4 - -2. Let b be 4/v + (-2576)/(-42). Let g = -29 + b. List the prime factors of g.
3, 11
Let i be (-20)/(-2)*(42/(-12))/(-7). Suppose 5*o + v = 630, -75 = -4*o - i*v + 429. List the prime factors of o.
2, 3, 7
Suppose d + 5*o - 20 = 0, 0 = d + 3*o - 10 - 2. Let v = 134 - d. List the prime factors of v.
2, 67
Let u(g) = -340*g + 893. What are the prime factors of u(-34)?
3, 7, 593
Let f(j) = 4*j**2 + 15*j - 64. Let d be f(-14). Suppose -d = -0*n - 5*n. List the prime factors of n.
2, 3, 17
Suppose m - 6 = 0, 266*a + m - 9689 = 265*a. List the prime factors of a.
23, 421
Let b be (-102)/(-27) - 3*(-18)/243. Let i(s) = 3*s - 6. Let l be i(11). What are the prime factors of l/(b/(-4))*(-16)/6?
2, 3
Let m be ((-112)/(-12))/((4/(-18))/1). List the prime factors of 5239/7 - 24/m.
7, 107
Let o(m) = -29*m**2 - 3*m - 7. Let y be o(-3). Let r = y + 978. List the prime factors of r.
719
Let d = -179 - -184. Suppose -d*m + 873 = 2*f, -3*f = -4*m + 715 - 12. List the prime factors of m.
5, 7
Let o = 31673 - 19858. What are the prime factors of o?
5, 17, 139
Suppose 9*y = 117*y - 734184. List the prime factors of y.
2, 3, 11, 103
Let l = -26 - -35. What are the prime factors of (l + -13)*(-570)/4?
2, 3, 5, 19
Suppose -4*o + 10*o = 18. Suppose -o*c + 4*c - 6*c = 0. Suppose c = -2*f + 3*h + 348, 864 - 168 = 4*f - h. What are the prime factors of f?
2, 3, 29
Suppose -o - 7433 + 1473 = -2*h, h - 2*o - 2980 = 0. List the prime factors of h.
2, 5, 149
Let s(q) = 3*q + 7193 - 7132 - 6*q**2 + 18*q**2 + 11*q. List the prime factors of s(10).
3, 467
Let l(c) = -29*c + 42. Let v(p) = 10*p - 14. Let r(q) = -4*l(q) - 11*v(q). Let j = 613 + -599. What are the prime factors of r(j)?
2, 5, 7
Suppose -3*p - 3 = 6*i - 3*i, 3*p + 4*i + 6 = 0. Suppose -2*t - 2080 = -p*j, -t - 3*t = j - 1050. What are the prime factors of j?
2, 521
Suppose -2*d - 3*d + 425 = 0. Suppose 0 = 3*y + 3*v - 24, 0 = -43*y + 38*y - 3*v + 30. Suppose -u + y = u - 5*h, 5*u + 3*h = d. List the prime factors of u.
2, 7
Suppose 5*u - 2*u - 9 = 0. Suppose 2879 = 10*q + 459. Suppose 3*w - 570 = -u*g, -3*g - 143 = -2*w + q. What are the prime factors of w?
191
Suppose -4 - 4 = -4*u. Suppose u*p - 5*l = -45, 0 = 2*p + 2*p + 5*l + 15. Let z = p - -97. List the prime factors of z.
3, 29
Let z = 248 - 248. Suppose 2*b = -z*b + 382. What are the prime factors of b?
191
Suppose 5*v = v + 5*r + 23, -2*v = -2*r - 10. Suppose -3*u = 5*a - 1300, -v + 17 = 3*u. Suppose -10 = -3*n + a. What are the prime factors of n?
89
List the prime factors of 3/(-6) + 44/8 + 3053.
2, 11, 139
Suppose 4*j - 4*g = 8, 3*j - 6*j = -2*g - 2. Let s be j - (264/(-27) + (-6)/27). Suppose -3*q - o = -199, 3*q + 4*o + 326 = s*q. List the prime factors of q.
2, 3, 11
Suppose 4*x = 3*m - 1471, -4*x + 0*x - 477 = -m. Suppose -g + 5*k + m + 362 = 0, 4*g - 2*k - 3526 = 0. List the prime factors of g.
2, 13, 17
Let o = 48 - 37. Let u(s) = s**3 - 10*s**2 - 4*s - 6. Let x be u(o). Suppose x*z = 68*z + 243. What are the prime factors of z?
3
Suppose 120*p - 236851 = 634709. What are the prime factors of p?
3, 269
Suppose 14*y - 17*y = -2*r - 15, -5*y - 55 = 2*r. What are the prime factors of -5*r/((-5)/(-5))?
3, 5
Suppose -3*y - 4*r = -73144, 5*y - 5*r - 39889 - 81971 = 0. List the prime factors of y.
2, 11, 277
Let n(z) = -61*z + 4. Suppose 4*c = -c + 260. Suppose -57*m - 10 = -c*m. What are the prime factors of n(m)?
2, 3, 7
Let q = 250 - 255. What are the prime factors of 962 - q*4/20?
3, 107
Let r = 22572 - 11782. Suppose 7*n - r = -19*n. What are the prime factors of n?
5, 83
Let w = 6785 + 5766. What are the prime factors of w?
7, 11, 163
Suppose 77918 = 31*v - 6867. Let s = 3923 - v. List the prime factors of s.
2, 3, 11
Suppose 17*g + 117430 = 3*w + 12*g, 5*g - 5 = 0. What are the prime factors of w?
5, 7829
Let y(u) = u**3 - u**2 + 6*u - 2. Let t be y(5). Suppose 7*i = -170 + 310. Suppose 2*c = -i + t. List the prime factors of c.
2, 3
Suppose -1022 = 2*y - 3478. Suppose 7*w - y = 1418. List the prime factors of w.
2, 3, 7
Let b = -3761 - -7969. What are the prime factors of b?
2, 263
Suppose -3*h - 2686 = -p, 1215 - 12011 = -4*p - h. What are the prime factors of p?
2, 19, 71
Let c(d) = 460*d - 1007. What are the prime factors of c(26)?
3, 1217
Let s(w) = 38*w**2 - 35*w - 40. List the prime factors of s(-13).
3, 43, 53
Suppose p - n - 14 = 0, -5*p = 4*n - 22 - 3. What are the prime factors of (-5 + (12 - p))/(4/(-122))?
61
Suppose 65*z = 66*z - 400. Suppose r - 4 = -1. Suppose -u + z = r*u. List the prime factors of u.
2, 5
Suppose -3*x - 1 = -q, 3*q = -0*q - 3*x + 3. Let w(l) be the second derivative of 41*l**3/6 + 3*l**2/2 - 3*l. List the prime factors of w(q).
2, 11
Let y = -1184 - -859. Suppose -2*o = o + 1707. Let f = y - o. What are the prime factors of f?
2, 61
Suppose 77*q = 89*q - 310092 - 179952. List the prime factors of q.
97, 421
Let v(i) = -29*i + 168. List the prime factors of v(-6).
2, 3, 19
Let c = -3726 + 5460. Let l = -1136 + c. List the prime factors of l.
2, 13, 23
Suppose -161*b = 2*g - 163*b - 63252, 9 = -3*b. List the prime factors of g.
3, 83, 127
Suppose -263*o + 258*o = -25. Suppose 1 = 3*h - 2, o*q = 5*h + 7100. What are the prime factors of q?
7, 29
Let j be (-3)/(-9) + (-13525)/(-15). Let h = -530 + j. What are the prime factors of h?
2, 3, 31
Let j = -30 + -6. Let z = j + 30. List the prime factors of (60/(-7))/((z/14)/3).
2, 3, 5
Let w be 24/32 - (-6)/(-8). Suppose w = s - 647 - 279. List the prime factors of s.
2, 463
List the prime factors of 74/185*(-1648750)/(-20).
5, 1319
Let d(y) = -8*y**2 - 27*y + 399. Let h be d(18). Let a = h - -4482. List the prime factors of a.
3, 601
Let o = -14740 + 41029. List the prime factors of o.
3, 23, 127
Let q(t) = -t**3 + 7*t**2 + 8*t + 2. Let f be q(8). Suppose -f*g - 2*g + 2948 = -4*p, 5*p = 10. List the prime factors of g.
739
Let u = -61 - -65. Suppose 0*b - u*a = -b - 16, 0 = -3*b + a - 15. List the prime factors of ((-93)/b)/(30/280).
7, 31
Let q = 363 - 383. Suppose i = 3*i + 4. List the prime factors of q/(-2) + 2*(-1)/i.
11
Let n(b) = -b**2 + 74*b + 19. Let q = 588 + -566. List the prime factors of n(q).
1163
Suppose -7*z + 144 = 17*z. Suppose z*v - 17661 = -15*v. What are the prime factors of v?
29
Suppose -3*d + 4*d = 206. Let u(l) = 18*l + 8. Let y be u(-8). Let c = y + d. What are the prime factors of c?
2, 5, 7
Suppose -5*w + 4 + 21 = 0, 3*h + 5*w = 577. Suppose -8*t = -6*t + h. Let r = 146 + t. What are the prime factors of r?
2, 3
Let k be 625/15 + (-2)/3. Let i(r) = 3*r**2 + 21*r + 75. Let f be i(-8). Let a = f - k. List the prime factors of a.
2, 29
Let o be 18 + -12 - (0 - -1). Suppose 3*k - 1414 = 4*d, o*k - 4*d + 498 = 6*k. What are the prime factors of k?
2, 239
Suppose -v - 2*k - 4 = -0, -2 = 4*v + k. Suppose v = 70*g - 67*g - 9. Suppose -3*q = 5*a - 590, -a - q + 118 = -g*q. What are the prime factors of a?
2, 59
Let w = -128 - 46. Suppose -2*s - 10 = 4*m - 32, 4*m - 2*s = 10. List the prime factors of 1/(-2) - (w/m - -3).
2, 5
Let m = -73 - -73. Let s be (m + 3 + -3)*(-1 - 0). Let a(l) = 3*l + 62. List the prime factors of a(s).
2, 31
Suppose -3*v = -s - 98664, -4*v + 123351 + 8169 = 4*s. What are the prime factors of v?
2, 3, 7, 29
Let n(p) = -p**3 - 12*p**2 + p + 6. Suppose -4*w = -4*u + 56, -5*w - 8*u + 4*u = 52. Let t be n(w). What are the prime factors of (-1)/(t/1106) + (-18)/(-27)?
5, 37
Let c(g) be the third derivative of -23*g**4/12 + 8*g**3 - 59*g**2. List the prime factors of c(-7).
2, 5, 37
Let h = -39 - -73. Suppose 2*o - 135 = 5*k, 4*o + 33 = -2*k - 45. Let u = k + h. What are the prime factors of u?
5
Let r be (-6)/4*(204/(-9) - -6). Suppose -r*w = -17*w - 16. Suppose 5*v = -2*d - 14 + 282, -262 = -2*d - w*v. List the prime factors of d.
3, 43
Let i(y) = 3*y**2 - 12*y - 9. Let q be i(5). Suppose 46 = 13*f - q. List the prime factors of 1130/f*6/15.
113
Suppose 26*r + 705981 - 1163250 = 1069685. List the prime factors of r.
11, 19, 2